{"id":1612,"date":"2020-11-04T12:47:35","date_gmt":"2020-11-04T12:47:35","guid":{"rendered":"https:\/\/www.yosoycristina.com\/web\/?post_type=product&#038;p=1612"},"modified":"2020-11-04T12:47:35","modified_gmt":"2020-11-04T12:47:35","slug":"pijama-alarma-de-besos-mujer","status":"publish","type":"product","link":"https:\/\/www.yosoycristina.com\/web\/producto\/pijama-alarma-de-besos-mujer\/","title":{"rendered":"Pijama Alarma de Besos mujer"},"content":{"rendered":"<div id=\"fb-root\"><\/div>\n<p>Precioso pijama mujer de la marca Muydemi en tejido micro polar. Camiseta cuello redondo, manga sin pu\u00f1o y cord\u00f3n ajustable en bajo. Pantal\u00f3n con cinturilla el\u00e1stica y recogido en bajos con el\u00e1stico.<\/p>\n","protected":false},"excerpt":{"rendered":"<p>Pijama de mujer Alarma de besos<\/p>\n<p>Muydemi 210206<\/p>\n","protected":false},"featured_media":1613,"comment_status":"open","ping_status":"closed","template":"","meta":[],"_links":{"self":[{"href":"https:\/\/www.yosoycristina.com\/web\/wp-json\/wp\/v2\/product\/1612"}],"collection":[{"href":"https:\/\/www.yosoycristina.com\/web\/wp-json\/wp\/v2\/product"}],"about":[{"href":"https:\/\/www.yosoycristina.com\/web\/wp-json\/wp\/v2\/types\/product"}],"replies":[{"embeddable":true,"href":"https:\/\/www.yosoycristina.com\/web\/wp-json\/wp\/v2\/comments?post=1612"}],"wp:featuredmedia":[{"embeddable":true,"href":"https:\/\/www.yosoycristina.com\/web\/wp-json\/wp\/v2\/media\/1613"}],"wp:attachment":[{"href":"https:\/\/www.yosoycristina.com\/web\/wp-json\/wp\/v2\/media?parent=1612"}],"curies":[{"name":"wp","href":"https:\/\/api.w.org\/{rel}","templated":true}]}}